4 - -538. What is the units digit of c?
4
Suppose 98*n + 1602 = 101*n. Suppose 3*a - 2*x = n, -2*a + 4*x + 110 = -254. What is the tens digit of a?
7
Let r be 3 + -3 + 2 - 1187. Let n be ((-2)/(-3))/((-10)/r). Suppose -2*i - 4*t + n - 27 = 0, 5*t = -4*i + 89. What is the tens digit of i?
1
Let r be 1/(-2) + 5/2 - -1. Suppose 23 = 3*k - 97. Suppose r*g = 8*g - k. What is the units digit of g?
8
Suppose 11984 = 589*p - 587*p. What is the tens digit of p?
9
Let q = -510 - -911. What is the units digit of q?
1
What is the tens digit of 9 + 5834 + (3 - 3)?
4
What is the hundreds digit of (-5)/10*1*-1366?
6
Let m(s) = -19*s**2 - 3*s - 4. Let q(k) = k + 1. Let u(h) = -m(h) - 2*q(h). Suppose 0 = 3*j + 6, 5*y - 4*j = -0*j + 18. What is the units digit of u(y)?
0
Suppose -18*g + 2079 = -9*g. Let q = 351 - g. What is the units digit of q?
0
Let y = 10 - 6. Suppose -y*r - 812 = -2*l + 154, -3*l - 3 = 0. What is the units digit of r/(-8) + (-2)/8?
0
Suppose 4*s = -6*s. Suppose -8*a + 499 + 77 = s. What is the tens digit of a?
7
Let s be 2/((4 - 5)/(-1)). Suppose 0 = -s*y - y + 333. What is the units digit of y?
1
Suppose 0 = g - 4, 0 = 5*t - 4*t + 3*g - 540. What is the units digit of t?
8
Let m(j) = 2*j**2 - 18*j + 2081. What is the tens digit of m(0)?
8
Let p = -3291 + 4710. What is the hundreds digit of p?
4
Let s = 7 - 39. Let o = 104 + s. What is the units digit of o?
2
Let i(s) = -13*s + 3. Let o be i(-4). Let q be (-40)/(-22) + 10/o. Suppose -7*c = -q*c - 85. What is the tens digit of c?
1
Let u(k) = -36*k**3 + 6*k. Let d be u(-3). Suppose 0 = 5*q - 2*b - d, 7*q - 4*b - 958 = 2*q. What is the units digit of q?
0
Let v = -9 - -10. Let x = 0 + v. What is the tens digit of (-1)/(x/(0 - 34))?
3
What is the units digit of -2 + (-20)/(-8) + (-78)/(-4)?
0
Suppose -15 = -2*s - 3*s, w = -3*s + 37. Let r = -20 + w. Let i(p) = -p**3 + 9*p**2 - 3*p - 10. What is the tens digit of i(r)?
3
Suppose 3*g = -2*h + 7 - 17, 5*h = 2*g - 6. What is the units digit of ((-5)/(-20))/(h/(-72))?
9
Let j be (-20 - -19)*1*-1. What is the units digit of 8 + -4 - j*-23?
7
Suppose -3*i + 2*a + 2*a = -12106, 0 = a - 2. What is the thousands digit of i?
4
Let t = -900 - -1851. What is the hundreds digit of t?
9
Let l(f) = -114*f + 189. What is the units digit of l(-5)?
9
Suppose 2*l + 28 = 6*l. Suppose 0 = -2*f + l*f - 25. Suppose f*i - 80 = 65. What is the units digit of i?
9
Let j(u) be the third derivative of -7/60*u**5 - 4*u**2 + 0*u + 1/120*u**6 - 7/6*u**3 + 0 + 1/3*u**4. What is the units digit of j(6)?
5
Let o be 48 + (-4)/(-4) + 3. Let s = o + -21. What is the units digit of s?
1
Let u be 25/6 + 1/(-6). Suppose u*g + 19 = 79. Suppose -12 = 13*y - g*y. What is the units digit of y?
6
Let y(g) = -g**2 - 5*g - 10. Let s be y(-6). Let i = -10 - -12. Let v = i - s. What is the units digit of v?
8
Suppose 4*h = -d + 6*h + 282, 4*d = -3*h + 1139. Suppose -3*c - 55 = -t, -3*t + d = t + 4*c. What is the tens digit of t?
6
Suppose -5*b + 54 = -4*y, -5*y = -0*y + 5. Let s = -16 + -6. Let j = b - s. What is the tens digit of j?
3
Suppose -2*f + 7 = 3*y, -y + 2*f + 10 = -3. Let m(c) = 0*c - 4*c + y*c - 6*c. What is the units digit of m(-8)?
0
Let c(j) = j + 42. Let h be c(-21). Suppose 168 = h*u - 17*u. What is the units digit of u?
2
Let v(h) = h**2 + 11*h + 20. Let q be v(-9). Let u be 153/3 - (1 - q). Suppose -5*w + u = -w. What is the units digit of w?
3
Let s be (1/(-2))/(9/(-36)). Suppose 2*l + 2*a = 3*l - 5, 0 = s*l + 5*a - 1. Suppose 5*y + l*q = 94, -2*y - 5*q = -0*y - 49. What is the tens digit of y?
1
Suppose -2*r = 10, 3*x + 60 - 194 = 4*r. Suppose -101 = -3*h - x. What is the units digit of h?
1
Let n(f) = 5*f**3 + 5*f**2 + 3*f. Let b(o) = 6*o**3 + 6*o**2 + 4*o. Let g(h) = 4*b(h) - 5*n(h). Let v = -2 - 1. What is the units digit of g(v)?
5
Let f(m) = -298*m - 2 + 14 + 276*m. What is the tens digit of f(-7)?
6
What is the thousands digit of (7/((-168)/6108))/((-2)/12)?
1
Suppose -6 = -2*g + 6. Let n(t) = t**2 + 8*t - 15. What is the tens digit of n(g)?
6
Let i(s) = 23*s**2 + 26*s - 88. What is the units digit of i(9)?
9
Let x(k) be the first derivative of -k**3/3 + 17*k**2/2 - 11*k + 11. What is the units digit of x(11)?
5
What is the hundreds digit of 1 + 4/(16/20)*103?
5
Suppose 5*f + 65 = w, 3*f + 6*w - 2*w + 39 = 0. Let t = f - -46. What is the tens digit of t?
3
Let h be -33*(6/9 + -1). Suppose h*t - 152 = 9*t. What is the tens digit of t?
7
Let f be (-12)/54 - (-141)/27. Suppose 4*c = v + 76, 0*c + 80 = 3*c + f*v. What is the tens digit of c?
2
Let c(a) = -a - 17. What is the units digit of c(-19)?
2
Let j(z) = 2*z - 7. Let y(o) = 3*o - 7. Let s(q) = -3*j(q) + 4*y(q). Let g be s(2). Suppose -g*x + 134 + 56 = 0. What is the tens digit of x?
3
Suppose -2*g + 4432 = 2*l - 1282, 0 = 2*l + 4*g - 5712. What is the hundreds digit of l?
8
Let d(p) = p**2 - 4*p + 5. Suppose -3*s - o - o = -23, -s = -5*o - 19. Let t be d(s). Suppose 4*b - 158 = -t. What is the tens digit of b?
2
Let u(o) = 3*o - 7. Let b(z) be the third derivative of -z**4/12 + z**3/2 - 6*z**2. Let g(t) = -9*b(t) - 4*u(t). What is the units digit of g(5)?
1
Let n = -85 - -45. Let g be (-12)/(-5)*n/(-6). Suppose g*t + 32 = 20*t. What is the units digit of t?
8
Let i(y) be the third derivative of 5*y**4/12 - 2*y**3/3 - 25*y**2. Suppose 5*m = 4*q - 20, 0*q + 10 = 2*q + 2*m. What is the units digit of i(q)?
6
What is the units digit of (3/4)/(24/87616)?
8
Let j be (-76)/3*1*(0 - 6). What is the units digit of (j/32)/(3/84)?
3
Suppose -77*g - 25410 = -88*g. What is the thousands digit of g?
2
Suppose 3*f + r - 70 = 362, 0 = f - 4*r - 157. Suppose -7*p + 3*p + f = 5*k, -1 = -k. What is the units digit of (-200)/p*(-14)/4?
0
Suppose 15*w - 28 = 14*w. Let t = -17 + w. What is the units digit of t?
1
Let z = 8 + -7. Let i be (0 + 1)/(z/3). Suppose -4*d = i*t - 53, -4*d - 5*t + 42 = -1. What is the tens digit of d?
1
What is the units digit of 120 + 4*(-6)/(-8)?
3
Let t be (-1)/(-2 - 135/(-69)). Let b(q) = q + 3. Let i be b(-6). Let k = i + t. What is the units digit of k?
0
Let p(l) = -31*l + 516. What is the tens digit of p(-26)?
2
Let g(h) = 101*h - 35. What is the hundreds digit of g(10)?
9
Suppose 2*x - 1 = 3*f, -2*x + 4*f - 28 = -3*x. Let a = 67 + x. What is the units digit of a?
5
Suppose -g - 9 = -21. Suppose -14 = -4*q - 2*w, 3*q + 5*w - 15 = 2*w. Suppose q*x - 3*j = g, x + 4*j - 5 = 12. What is the units digit of x?
9
Suppose -2*v - 5 = 1. What is the units digit of 1/(v - 22/(-7))?
7
Let b = 49 - -200. What is the tens digit of b?
4
Suppose -106*i + 9519 = -103*i. What is the units digit of i?
3
Let x(w) = -w**2 - 14*w - 26. Let q be x(-12). What is the tens digit of 215 - (q - 4/(-4))?
1
Suppose 3752 = 2*h + 5*q, 8*q - 9*q - 1876 = -h. What is the tens digit of h?
7
Let m = -302 + 623. Suppose 2*k + 77 = m. What is the hundreds digit of k?
1
Suppose n - 1483 = -3*z - 4*n, 2463 = 5*z + 4*n. What is the tens digit of z?
9
Let k be 6378/(-5) - 10/25. What is the hundreds digit of (k/66)/(1/(-6))?
1
Suppose -7 = m + 2. What is the tens digit of 580/12 + 3/m?
4
Let b(h) = -h + 8. Let r be 5/(-1)*(18/5)/3. What is the units digit of b(r)?
4
Let p(u) = -u**3 + 13*u**2 + 2*u - 31. Let k be p(13). What is the units digit of (-11 - -21)*(-16)/k?
2
Suppose -5 = 5*k, 4*k - 563 = -4*g - k. Suppose 5*l - 2*i = 2*i + 177, 0 = 4*l - 3*i - g. Let b = -8 + l. What is the units digit of b?
9
Suppose 5*k - 1663 = 2*s - 3*s, -3*s - 1651 = -5*k. What is the hundreds digit of k?
3
Suppose -9 = 4*y - 25. Let b be (-10)/y*(-40)/50. Suppose b*c = -3*t + 119, 3*t + 2*t = 5*c - 285. What is the tens digit of c?
5
Let i(h) = -h + 55. What is the units digit of i(-12)?
7
Let z be (3 + 1)/((-30)/(-15)). Suppose g = 2*i - 4*g - 271, z*i - 321 = -5*g. What is the units digit of i?
8
Let k(o) = 4*o**3 - 13*o**2 + 31*o + 16. What is the thousands digit of k(10)?
3
What is the units digit of (-19 - -14)*(-918)/15?
6
Suppose 0 = 4*n + 14 - 130. Suppose n = f - 2*p - 2*p, -58 = -2*f + p. Suppose -11 = -2*t + f. What is the units digit of t?
0
What is the tens digit of 8/(-12) - (-3 + (-940)/15)?
6
What is the hundreds digit of (-2638)/(-4) + -3 + 5/2?
6
Let j(x) = 26*x**2 + 18*x + 99. What is the thousands digit of j(-7)?
1
Let o = 2699 - 1898.